= 2*i. Let k = 41 + h. What is the tens digit of k?
1
Suppose -2*m - 42 = -0*m. Let f = m - -71. What is the units digit of f?
0
Let o(p) = 14*p**2 - 3*p - 6. What is the units digit of o(4)?
6
Let g(l) = l**2 + l - 1. Let y(x) = x**3 + 5*x**2 + 4. Let j be y(-5). Suppose -5*r + 0*n + 17 = -2*n, -j*r = n - 11. What is the units digit of g(r)?
1
Suppose 4*u - 7*u = 0. Suppose 3*f = -u*f + 15. Suppose -34 = -2*p - f*s, 4*p + 4*s - 68 = s. What is the units digit of p?
7
Let t(j) = j**3 - 3*j**2 - 4*j + 4. What is the units digit of t(4)?
4
Let l be 1 + (2 - 1)/1. Suppose -l*a - 2*a + 12 = 0. What is the units digit of (a/9)/((-1)/(-3))?
1
Suppose -c - 228 = -5*k - 0*c, k = 4*c + 57. What is the tens digit of k?
4
Suppose 3 = 5*t - 12. Suppose -2*p = -d - 8, 3*p - 4 - t = 4*d. Suppose -s = p*r + 16, -2*s + 6*s - 41 = r. What is the units digit of s?
9
Let v be (2*-1)/(4/6). What is the units digit of 1/(3/(-27)*v)?
3
Suppose -4*b + 0*b = 0. Suppose 2*v + b*v - 2 = 0. Suppose v = -3*g + 19. What is the units digit of g?
6
Let c be (-4)/4 - (2 - 8). Suppose 12 = 4*s + 3*v, 2*v + 11 = -c*s + 33. What is the units digit of (14/(-3))/((-4)/s)?
7
Suppose -10 + 0 = -5*r. What is the tens digit of 52*(2 + -1)/r?
2
What is the tens digit of (-814)/(-10) + (-9)/(-15)?
8
Let s(w) = -w + 3. Let c be s(3). Suppose 3*p = -x - c*x - 7, -5 = p. What is the units digit of x?
8
Let s(d) = 2*d - 7. What is the tens digit of s(14)?
2
Suppose 4*v - 314 - 468 = 5*n, 4*n - 764 = -4*v. What is the hundreds digit of v?
1
Let r(t) = -12*t**2 + 3*t - 1. Let b(a) = -12*a**2 + 4*a - 1. Let l(g) = 3*b(g) - 4*r(g). What is the units digit of l(1)?
3
What is the units digit of (185 - -3) + 2 + -3?
7
Let i(f) = -f + 6. Let s be i(6). Suppose s = -2*a + 4*t + 50, 4*t + 53 + 31 = 4*a. Suppose 0*l - 5*l - 33 = -j, -a = j + 5*l. What is the units digit of j?
8
Suppose -13*w = -8*w - 1790. What is the units digit of w?
8
Let a be 3 + -3 + 0 + 1. What is the tens digit of 0 - a - -11 - -1?
1
Suppose -15*w + 18*w - 1051 = -4*j, 6 = -2*w. What is the tens digit of j?
6
Suppose 0 = 3*s - 5*z + 7, -4*z = s - 2*s - 14. What is the units digit of s?
6
Let m(v) be the second derivative of v**5/20 - v**3/3 + 5*v. What is the units digit of m(2)?
4
Let w(z) = -z**3 + 12*z**2 + 3*z + 12. What is the units digit of w(12)?
8
Let r = 5 + -2. Suppose 8 = j + r*w - 8, 40 = 4*j + 4*w. Let y = j + -4. What is the units digit of y?
3
Suppose 12 = 4*q - n, -6*q - n + 20 = -2*q. Suppose 0 = 5*g + q*t - 80, -4*t = -2*g - 0*g + 32. Suppose 0*d + 4*d = g. What is the units digit of d?
4
Suppose 2*p = -2*z + 4*p - 4, 5 = p. Suppose z*q = 15 + 12. What is the units digit of q?
9
Suppose -4*t = -70 + 26. What is the units digit of t?
1
What is the tens digit of -7 + -1 + 4 + 33?
2
Let z be 4/((3 + 1)/2). Suppose -2*s + 0*s - z = 0. What is the units digit of s/(-1) + 6 + -6?
1
Let j = -410 - -716. What is the units digit of j?
6
Let n = -5 + -15. What is the units digit of (-252)/n - 2/(-5)?
3
Let z(q) = q + q**2 - 2 + 4*q + 5. What is the units digit of z(-6)?
9
Let a(y) = -y + 1. Suppose -4*b + 2*w = -42, 8*w - 25 = -3*b + 3*w. Let h = 7 - b. What is the units digit of a(h)?
4
What is the tens digit of (9 - -10) + 1 + 0?
2
Suppose 5*d = 3*y + 25 + 20, 15 = -5*d. Let u be 352/y + 2/(-5). Let s = 30 + u. What is the tens digit of s?
1
Let u be -4*(-1 + 2/4). Let v = 2 - u. Suppose -2*f - f + 6 = v. What is the units digit of f?
2
What is the units digit of (0 - -4)*(-3)/(-36)*3?
1
Suppose 0 = -4*t - 0*t + 8. Suppose -3*x - 6*o = -3*o - 87, -t*x = o - 55. What is the tens digit of x?
2
Let p(z) = 3*z - 3. Let c(q) = 6*q**2 + 1. Let b be c(-1). What is the units digit of p(b)?
8
Suppose 0 = -2*t + d + 7, 0 = -6*t + t + d + 16. Suppose 4 = u + t*f, 4 = 2*u - 0*f + 2*f. What is the units digit of u?
1
What is the tens digit of (-25)/1*(5 + -26 + 4)?
2
Suppose y = -3*d + 1, y - 5*y + 3*d = 26. Let w(u) = u**3 + 5*u**2 - 2*u. Let a be w(y). Let s = a - 3. What is the units digit of s?
7
Let y be (6 - 9)/(3/16). Let v = -9 - y. What is the units digit of v?
7
Suppose 3*o - 4*g + 6*g - 15 = 0, 4*o = -3*g + 21. Let i(y) = -o + 2 + y + 0. What is the units digit of i(3)?
2
Suppose -5*l = -5*k - 10, 0 = 4*k + 3*l - 4*l + 5. Let z(g) = -4*g**3 - g**2 - g - 1. What is the units digit of z(k)?
3
Let z be 0 + 2 + (-4 - -2). Suppose -4*j + 20 = z, v = 4*v - 4*j - 37. What is the tens digit of v?
1
Let n = -10 + 15. Let x(g) = g**3 - 5*g**2 + 4*g - 7. What is the units digit of x(n)?
3
Let p(z) = -49*z - 18. What is the units digit of p(-6)?
6
Let t(b) = -b**2 + 11*b - 12. Let w be t(8). Let o be 4/6*w/4. Let n(q) = 5*q - 1. What is the units digit of n(o)?
9
Suppose -6*f = 22 - 112. What is the units digit of f?
5
What is the units digit of 90/(-25)*60/(-9)?
4
Let b(v) = -3*v**3 - 5*v**2 - 4*v - 3. Let r be b(-4). Suppose r = 4*u - 35. What is the tens digit of u?
4
Let j(v) = v**2 + 6*v + 10. Let z be j(-5). Let w = z + 15. What is the units digit of w?
0
Suppose -7*v + 2*v + 10 = 0. What is the units digit of v?
2
Let p be 4/2 + 0 - -2. What is the tens digit of 652/44 + p/22?
1
Suppose -i = -q + 1 + 1, 5*i - 2 = 2*q. Let b = -4 + q. Suppose -y + 5*y - 64 = b. What is the units digit of y?
6
Suppose -2*n + 3*f - 10 = 0, -4*n + 2*f = -2*n + 8. Let h(c) = -7*c**2 - 2*c - 1. Let r be h(n). Let v = -18 - r. What is the units digit of v?
7
Let d(z) be the first derivative of -z**4/4 + 8*z**3/3 + 4*z**2 + 12*z + 2. Let q be d(9). Suppose 0*a = -q*a + 21. What is the units digit of a?
7
Suppose 776 = 4*o + 4*c, 4*o + 3*c = 622 + 155. What is the hundreds digit of o?
1
Let s = -27 + 33. What is the units digit of s?
6
Suppose -13*o + 2115 = 2*o. What is the units digit of o?
1
Let u = 0 + 2. Suppose -4 = 4*i - 4*f, 0 = 4*i - 0*f - 3*f + 1. Suppose 51 = 5*g - 3*d + 9, -u = g + i*d. What is the units digit of g?
6
Let p be 2*(-1 - 5/(-2)). Suppose -4*l + 12 = 3*u, p*l + 4*u - 16 = -0*l. What is the units digit of (l + 1)/((-2)/(-6))?
3
Suppose 0 = -2*l + 4. What is the units digit of 1*6 - (-5 + l)?
9
Let b(f) be the second derivative of f**3/6 + 5*f**2/2 - 2*f. Suppose 0 = 6*v - 2*v. What is the units digit of b(v)?
5
Suppose 0*v + 6 = 2*v. Suppose -15 = v*d + 27. Let n = d + 20. What is the units digit of n?
6
Let m be (-10)/((3 + -2)*-2). What is the tens digit of 150/(-4)*(-4)/m?
3
Let n = 3 - -6. Suppose -3*m + 2*m + n = -5*g, 5*g = -2*m + 48. What is the units digit of m?
9
Let d(j) = -2*j + 24. What is the tens digit of d(0)?
2
Let t(s) = s**2 - 3*s - 2. Let f be t(4). Suppose -f*n - 6 = -5*j + j, j = 2*n. Let d = 2 + j. What is the units digit of d?
4
Let o(p) = -2*p - 9. Let a be o(-9). Suppose -6 = 7*y - a*y. What is the units digit of y?
3
Suppose -3*c = c. Suppose -j + 3*j + 2*p = 0, p + 4 = c. Suppose 0*x + j = 4*x. What is the units digit of x?
1
Suppose -4*k + 596 = -4*b, 0 = -5*k + 3*b - 0*b + 735. What is the units digit of k?
4
Let b(u) = -13*u - 7. What is the tens digit of b(-4)?
4
Let s = -11 + 16. Suppose -s*u - 15 = 0, d + 0*d = -5*u - 15. Suppose 4*v = -d*v - 4*o + 16, 4*v - 10 = 2*o. What is the units digit of v?
3
Let i be 6/4*(2 - 6). Let j(z) = z**2 + 5*z. What is the units digit of j(i)?
6
Let r be 8/(-12) - (-1)/(-3). Let t be (0 - r)*-1*-1. Let d = 2 - t. What is the units digit of d?
1
Let s be 0/(-2) + 1 - -2. Let l be 1*(-3)/s - -1. Suppose -x + 4*n = -3, -4*n + l*n = -3*x + 17. What is the units digit of x?
7
Let q be (-4)/(-10) + (-406)/(-35). Suppose 4*k = 2*k + q. What is the units digit of k?
6
Suppose 0*b + 378 = 3*b + 3*j, 4*b = 4*j + 512. What is the units digit of b?
7
Let b be (-30)/(-8) + 6/24. Suppose 0 = b*f - 181 + 65. What is the units digit of f?
9
Let f be (-9)/(-4) - (-5)/(-20). What is the tens digit of ((-10)/25)/(f/(-170))?
3
Let d(z) = -5*z + 3 + 5*z + z + 3. Let x be d(-10). What is the tens digit of 2/((8/(-13))/x)?
1
Suppose 112 = 4*o - 104. What is the tens digit of o?
5
Let z be 1/(-4) - (-13)/4. Let u(t) = 3*t - 7. Let f be u(7). Suppose 0 = s - z*s + f. What is the units digit of s?
7
Let a be (-1 + 0)*(-4)/2. Suppose -3*o + 43 = -5*i, 2*o - i - 29 = -a*o. What is the units digit of ((-33)/o - -1)*-2?
9
Suppose -5*j - 15 = 0, 0*a = -3*a - 5*j + 411. What is the units